037, -3*z + 45041 = -l. Calculate the highest common divisor of z and 65.
65
Let y(t) = -157*t - 202. Let g be y(-2). Calculate the highest common factor of g and 70.
14
Suppose 17188416 = 360*a - 12*a. Calculate the highest common factor of 48 and a.
48
Suppose 5*k + 3 = 3*f - 38, 3*f - 56 = 2*k. What is the greatest common factor of f and 902?
22
Suppose -31*t = -64*t + 38*t - 740. What is the greatest common factor of 3700 and t?
148
Let i be 4 + 3/(12/(-116)). Let z = 29 + i. Let o(v) = 33*v**3 - v**2 + v - 1. Let t be o(1). Calculate the greatest common divisor of t and z.
4
Let t = -63 - -97. Suppose 9*r - 2 = t. Suppose 0 = -r*b - 148 + 728. What is the highest common divisor of b and 29?
29
Suppose 0 = 7*i + 275 - 1486. Let k = 227 - i. What is the highest common factor of k and 18?
18
Let u(k) = k**2 - 6. Let g = -100 - -97. Let f be u(g). Let y be 7/(4*3/12) + f. What is the highest common factor of y and 2?
2
Let c = 80 - 116. Let w be (-34 + 122)/(1 + (-1 - -2)). Let j = c + w. What is the greatest common divisor of 40 and j?
8
Let h be 4 + 723 - ((-25)/150 - 23/6). What is the greatest common factor of h and 17?
17
Let i(t) be the first derivative of t**2/2 + 205*t - 167. Let r be i(26). Calculate the greatest common divisor of 99 and r.
33
Let n be -20*1/8*-2. Suppose -71 + 11 = 15*w. Let c be w + (-17)/(-5) + 133/n. What is the highest common divisor of 130 and c?
26
Let n be (1310/(-393))/(2/(-36)). Calculate the greatest common divisor of 20 and n.
20
Let t be (12 - -2)*(9 + 9292/28). Calculate the highest common divisor of t and 4.
4
Suppose -5*m = 17*k - 21*k + 213, k + 4*m - 48 = 0. Calculate the highest common divisor of k and 176.
4
Let h be (71/3)/((-10)/30). Let b = -69 - h. Let r(l) = l**3 + l**2 - 5*l + 5. Let q be r(b). What is the greatest common divisor of q and 49?
7
Suppose -77 + 248 = 9*m. Suppose m = 20*h - 41. What is the highest common divisor of 252 and h?
3
Let d be (-3135)/(-760) + (-34)/16 + 2. Let j be -4 + 40 + (-36)/d. Let g = 202 - 121. What is the greatest common factor of g and j?
27
Let u = 8340 + -8334. Calculate the highest common factor of 123 and u.
3
Suppose 1061*o - 1066*o + 3*l + 1188 = 0, -2*l - 246 = -o. What is the highest common factor of o and 24?
6
Let z = -70 + 74. Let y(i) be the first derivative of i**4/4 - 8*i**3/3 + i**2/2 + 2*i + 5. Let d be y(8). Calculate the greatest common factor of z and d.
2
Let a = 612 - 1165. Let n = -469 - a. Calculate the greatest common divisor of n and 9.
3
Let a = 28009 - 25600. Calculate the greatest common factor of 1022 and a.
73
Suppose -2*v + 4*z = -336, 13*v = 18*v + 3*z - 931. Calculate the greatest common factor of 169 and v.
13
Let l = 1 - 4. Let y = l + 4. Suppose 42 = 3*i - 3*h, -2*i - 39 + 46 = 5*h. Calculate the highest common factor of y and i.
1
Suppose -5*n - 61 = -2*c, 355*n - 352*n = -2*c + 37. What is the greatest common divisor of c and 115?
23
Let l be (-4)/26 - ((-1366200)/325)/24. Calculate the highest common factor of l and 100.
25
Let j(o) = 32*o**2 - 198*o + 21. Let l be j(-7). Calculate the greatest common divisor of 85 and l.
85
Suppose 0*j - 2*j - 56 = 0. Let m be 60/14 - (-8)/j. Suppose -5*x = 2*y + 13 - 32, 46 = m*y + 2*x. Calculate the greatest common divisor of 18 and y.
6
Let f = 9924 + -7304. Calculate the greatest common divisor of f and 393.
131
Let a(u) = -41*u - 73. Let c(p) = 2*p**2 + 16*p - 4. Let v be c(-8). Let l be a(v). Calculate the greatest common divisor of l and 35.
7
Let l = -78 - -92. Suppose -5*g - y + 31 = 0, 4*g - 3*g - 27 = 5*y. What is the highest common divisor of g and l?
7
Let v(g) = 10*g + 257. Let c be v(12). Let h(u) = -2*u**3 + 13*u**2 + u - 13. Let q be h(6). What is the greatest common divisor of q and c?
29
Let i(a) = 3*a**2 - 25*a + 49. Let t be i(10). Suppose 3*o - 24 = -4*q + 26, 5*q - 4*o = 47. What is the highest common divisor of q and t?
11
Let l = 11 + -7. Suppose -3*p = -0*z + z - 64, 4*p = 4*z + 64. Suppose 2*k - 15 + 3 = -3*r, -5*r - k = -p. What is the greatest common divisor of r and l?
4
Suppose 31*c = 5*m + 33*c - 1479, -4*m + 1182 = 2*c. Calculate the highest common divisor of m and 1221.
33
Suppose -3*z + 3*d + 6716 = 7*d, 0 = 4*d + 4. Calculate the greatest common factor of z and 16.
16
Suppose -2 = -3*n - 5*v, 618*v = 619*v + 2. Calculate the highest common factor of 446 and n.
2
Suppose 388 = 5*g + 3*r, -g - 10*r = -6*r - 81. Calculate the highest common divisor of 88 and g.
11
Let p be (12/(-14))/(30/(-840)) - -1. Suppose 0 = p*f - 21*f - 300. What is the greatest common factor of f and 45?
15
Let l = 165 + -88. Suppose 42*r = 868 + 6 + 974. What is the greatest common divisor of r and l?
11
Let u = 359 + -274. Let z = u - 24. Calculate the greatest common factor of z and 793.
61
Let l be (-54)/(-48) + -1 - ((-19869)/(-24))/(-1). What is the greatest common divisor of l and 18?
18
Let h = -3488 + 3492. What is the highest common factor of h and 106?
2
Let h be -4 - -6 - 1 - (-31 - 2). Suppose 260 = h*g - 284. What is the greatest common divisor of g and 464?
16
Let n(o) = 48*o - 70. Let q be n(14). Let u = q - 442. Calculate the highest common divisor of 128 and u.
32
Let a(f) = -2*f**3 - f**2 + 9*f + 7. Let n be (-9)/18*-2 - 4. Let y be a(n). What is the greatest common divisor of 75 and y?
25
Suppose -919 = -2*s + 2*p + 107, 528 = s + 4*p. Let v(u) = u**3 + 36*u**2 - u + 24. Let w be v(0). Calculate the greatest common factor of s and w.
12
Suppose -5634 = 93*o - 96*o. Suppose -o = -13*x + 488. Calculate the greatest common divisor of x and 78.
26
Let y(p) = -74*p**2 - 3*p + 4. Let n be y(2). Let u = n - -463. Let h(d) = 65*d + 1. Let v be h(1). What is the greatest common divisor of v and u?
33
Let g be (-31 + 1)/((-8)/(-10)*25/(-10)). What is the greatest common divisor of 26580 and g?
15
Let x = -16 + 16. Let z = -77 + 86. Suppose 0 = -x*v - v + z. Calculate the greatest common factor of v and 81.
9
Let i(a) = 19*a - 50. Let f(y) = -7*y - 59. Let o be f(-9). Let b be i(o). What is the highest common factor of b and 78?
26
Suppose 155*q - 6714 = 1191. What is the highest common factor of 15861 and q?
51
Let r be ((-89286)/(-161))/(3/35) - -2. What is the greatest common divisor of 2 and r?
2
Let d be (21/2)/7*2 + -3. Suppose d = -3*c + w + 169, -34*c + 271 = -29*c + w. What is the highest common divisor of 605 and c?
55
Suppose 2 - 7 = -5*t. Suppose -6*y + t = -17. Let w be (28/(-8) + y)*-22. What is the greatest common factor of 77 and w?
11
Let h(z) = -135*z - 3218. Let u be h(-24). What is the greatest common factor of 7711 and u?
11
Let p(z) = 15*z**2 + 330*z + 72. Let r be p(-22). Suppose 0 = -4*c + 3*o + 64, 2*c = -2*c - 4*o + 64. What is the greatest common factor of c and r?
8
Let g be ((-256)/(-3))/((-4)/12)*(-9)/4. Calculate the greatest common factor of g and 225.
9
Suppose 2*s - 3*s = -40. Suppose -570*a + 15890 + 34270 = 0. Calculate the highest common divisor of a and s.
8
Suppose 4*d - 10 = 5*v, 0*d + 8 = 3*d - 4*v. Let l be d + 1 + (47 - 3)/4. Suppose -42 + l = -5*g. What is the highest common factor of g and 15?
3
Suppose -39*b = -10*b - 3110 - 10114. What is the highest common divisor of 741 and b?
57
Suppose 4*j - 416 = 2176. Suppose -y + 28*y = j. Calculate the highest common divisor of y and 96.
24
Let o = -3753 - -8277. What is the highest common divisor of o and 156?
156
Suppose -36090 = 93*o - 97*o + 6*h, -3*o + 2*h + 27075 = 0. Calculate the greatest common divisor of 27 and o.
9
Suppose 4*x + 14 - 54 = 4*g, 3*x = -9. Let s = g + 17. Suppose 0 = 4*v - 2*v - 4*i - 6, s*i - 6 = -2*v. What is the highest common divisor of 9 and v?
3
Let g = -4704 - -5044. Calculate the highest common divisor of g and 884.
68
Let a be -96*(-41 + 12) + -6. Calculate the highest common divisor of 12 and a.
6
Suppose 214*i + 107510 = 41*i + 2089398. What is the greatest common divisor of i and 179?
179
Let a(p) = -147*p + 6507. Let v be a(44). Calculate the highest common factor of v and 22776.
39
Suppose -5*g + 299 = 94. Suppose 0 = 2*k - 1397 - 377. Suppose -8*x + 1737 = -k. Calculate the highest common divisor of g and x.
41
Let q = 116547 - 64831. Calculate the highest common factor of q and 28.
28
Suppose 3*s + i = 26, -8*s = -3*s + i - 40. Let g(w) 